hen o is divided by 28.
23
Let d = 2039 - 2009. Let m = -80 + 168. Calculate the remainder when m is divided by d.
28
Suppose -237*q + 13776 = 9*q. What is the remainder when 9182 is divided by q?
54
Let c = -4 - -18. Suppose 0 = 3*j + 288 + 285. Let q = j + 195. What is the remainder when c is divided by q?
2
Suppose 35 = 2*q - 5*t - 12, 5*q - 161 = -2*t. Suppose -5*c = -5*h + 15, 5*c - q = -3*h + 10. Calculate the remainder when 17 is divided by h.
3
Suppose -200 = -5*x - 5*p, -3*p = -p - 2. Suppose -5*r - t = -x + 1, -r - t = -10. Calculate the remainder when (1*89)/(r/7)*1 is divided by 7.
5
Let d be (95/(-19))/((-1)/1). Suppose n = -3*v + 25, d*v - 2*v - 118 = -4*n. Let x = -5 + n. What is the remainder when x is divided by 7?
5
Calculate the remainder when 123 is divided by (2*3)/(-5 - (-6 + 3/5)).
3
Let i = -3939 + 4148. Calculate the remainder when i is divided by 17.
5
What is the remainder when 142 is divided by (578/459)/((-2)/(-18))*3?
6
Suppose 3*i + 5*n = 6, -2*i + 6 = i - 4*n. Suppose i*s - 5*w = -10*w + 177, -w + 385 = 5*s. What is the remainder when s is divided by 9?
4
Let l = -2874 - -16400. Calculate the remainder when l is divided by 17.
11
Suppose -565 = 3*z - 8*z. Suppose 52*a + 260 - 364 - 988 = 0. Calculate the remainder when z is divided by a.
8
Suppose 0 = -165*l + 56731 - 6406. Calculate the remainder when 1031 is divided by l.
116
Suppose -8*o + 191 = 76 - 93. Suppose -3*k = -m - 3, -2*m - m - 3*k = -15. Calculate the remainder when o is divided by m.
2
Suppose v - 57 = -0*v. Let n = -60 + v. Calculate the remainder when (18/(-6) - n) + 2*10 is divided by 5.
0
Let m(x) = -x + 29. Let f = 59 - 49. Let h be m(f). Suppose -458 = -h*o + 910. Calculate the remainder when o is divided by 37.
35
Suppose -2*w + 5*c + 73 = 0, -24 = -w + 4*c + 5. Let j(r) = -2*r**3 - 9*r**2 - 9*r - 17. What is the remainder when j(-7) is divided by w?
46
Let h(i) = 2*i**2 - 143*i + 333. Calculate the remainder when 344 is divided by h(70).
98
Let n(r) = -10*r - 13. Let g = -111 - -105. Suppose -2*k = 4*z - 3*k - 100, 0 = 2*k. Calculate the remainder when n(g) is divided by z.
22
Let h = 16488 + -16464. Calculate the remainder when 764 is divided by h.
20
Calculate the remainder when 79 is divided by -13 - -15*192/80.
10
Suppose 2*u - 121 + 1 = 0. Suppose -5*b + 6*i = -2*b - i + 11, 7*i - 77 = 0. Calculate the remainder when u is divided by b.
16
Suppose -3*a + 15 = 0, 27*r + 1230 = 32*r - a. Calculate the remainder when 494 is divided by r.
0
Suppose g - 5031 = -3*r, -r + 70*g = 75*g - 1677. What is the remainder when r is divided by 80?
77
Let n(v) = -v**2 - 5*v - 3. Let y be n(-3). What is the remainder when y/(-2)*(-1504)/48 is divided by 8?
7
Let s = -23556 - -23967. Calculate the remainder when 1236 is divided by s.
3
Suppose -4*r = -5*d + 140 + 94, 5*r = 3*d - 130. Calculate the remainder when d is divided by 6.
2
Let x = -548 + 512. Calculate the remainder when (-9)/6*9216/x is divided by 7.
6
Let v(o) be the third derivative of 7*o**4/6 + 37*o**3/3 - 108*o**2 - o. Calculate the remainder when 70 is divided by v(-2).
16
Let s = 610 + -290. Suppose 2*n - s = -2*n. Calculate the remainder when 312 is divided by n.
72
Suppose 366*z = -363*z + 159*z + 522120. Calculate the remainder when z is divided by 40.
36
Suppose 26*r - 396 = 20*r. Suppose 0 = 29*f - 32*f + r. Calculate the remainder when 196 is divided by f.
20
Let w = -17774 - -17945. What is the remainder when 1527 is divided by w?
159
Let p(j) = -45*j - 113. Let t be p(-4). Suppose -t*u + 2*n - 1282 = -71*u, 5*u + 5*n = 1610. What is the remainder when u is divided by 8?
7
Suppose 22*g + 207 = 25*g. Let z = 6 - -19. Calculate the remainder when g is divided by z.
19
Suppose -1222 = -7*p - 823. What is the remainder when 908 is divided by p?
53
Let n(m) = 117*m - 75. Calculate the remainder when 2057 is divided by n(1).
41
Suppose 0 = 3*i + 19*n - 23*n - 56, -4*i = -4*n - 72. Calculate the remainder when 217 is divided by i.
9
Let p(h) = h**3 + 13*h**2 - 16*h - 31. Let a be p(-14). Let c = a - -20. Suppose -c*t + 16*t + 106 = 0. What is the remainder when t is divided by 55?
51
Let g = 92 + -38. Suppose 0*q - q = -g. What is the remainder when 158 is divided by q?
50
Suppose -6*k - 35 = -59. Let c(o) = -o**3 + 4*o**2 + 9*o - 16. Calculate the remainder when c(k) is divided by 14.
6
Let f(d) = -120*d + 18. What is the remainder when f(-1) is divided by 68?
2
Let p(m) = 15*m + 783. What is the remainder when 132 is divided by p(-49)?
36
Let s(x) = -3*x**3 + 20*x**2 - 5*x - 13. Calculate the remainder when 1709 is divided by s(6).
27
Let l(r) = -8*r - 38. Let d(k) = 32*k + 151. Let c(u) = -4*d(u) - 18*l(u). Calculate the remainder when c(11) is divided by 65.
61
Suppose 481*b = 443*b + 3306. What is the remainder when b is divided by 18?
15
Let x(v) = -3*v**2 - 42*v + 22. Calculate the remainder when 453 is divided by x(-14).
13
Let u = -1 + 4. Calculate the remainder when (-10 + u)/7*-1*317 is divided by 20.
17
What is the remainder when 2735/(-2188)*(-2448)/15 is divided by 2 + -3 + 10/1?
6
Suppose 5*a = -0*s - 5*s - 25, -5 = 4*s + a. Let b(l) = 4*l + 17. What is the remainder when (-9)/(18/(-124)) + 4 is divided by b(s)?
15
Let w(j) = j**3 + 7*j**2 - 32*j - 23. Let a be w(-9). Suppose -a*n = -111*n + 4736. Calculate the remainder when n is divided by 22.
20
Let g = 894 - 894. Suppose -24*o + 2128 + 968 = g. Calculate the remainder when o is divided by 20.
9
Let a = -241 - -117. Suppose 14*p = 93 + 207 - 62. Calculate the remainder when a/(-6)*27/18 is divided by p.
14
Let w(c) = c**2 - 2*c. Let j(i) = -i**2 - 3*i + 57. Let x(d) = j(d) + 3*w(d). Let t(h) = h**2 + 2*h - 9. What is the remainder when x(6) is divided by t(-7)?
23
Let t(d) = d + 12. Let y be t(-5). Let z(q) = -q**2 + 18*q - 8. Suppose u + 3*f - 54 = -45, 5*u = -3*f + 81. Calculate the remainder when z(y) is divided by u.
15
Let c(m) = -3*m**2 - 162*m - 1144. Calculate the remainder when c(-19) is divided by 107.
102
Let m = -2947 + 5743. Calculate the remainder when m is divided by 80.
76
Let w = 21847 + -19355. Calculate the remainder when w is divided by 29.
27
Let k = -70 - -637. Let p = 586 - k. Calculate the remainder when 70 is divided by p.
13
Calculate the remainder when 1888 is divided by 4/(-30)*-483 + 64/40.
40
Calculate the remainder when ((-195)/(-4))/((-1)/(-4)) is divided by 147*49/147*(1 - 0).
48
Let y = 153 + -148. Suppose 2*z + 4*q = y*z + 128, 0 = 2*q - 10. Let k = 7 - z. What is the remainder when k is divided by 15?
13
Suppose -5*i + 20 = 0, 3*j + 3*i = 162 - 27. What is the remainder when 233 is divided by j?
28
Suppose 12 = -z + 57. Calculate the remainder when z is divided by 219/31 - (-8)/(-124).
3
Let q(x) = -22*x - 224. Suppose 15*f - 3*f + 312 = 0. Calculate the remainder when q(f) is divided by 39.
36
What is the remainder when 248 is divided by 2*(285/(-30) - -14)?
5
Suppose -20*j - 4*j = 984. Suppose 0 = t + 5, -2*t - 22 = 3*c - 3*t. Let u = c - j. Calculate the remainder when 286 is divided by u.
30
Let a = 126 - 120. Suppose -z - 4*p + 0*p + 35 = 0, -4*p = -4*z + 100. Calculate the remainder when z is divided by a.
3
Suppose 4*g - 42 = h, -h - 6 + 0 = 0. What is the remainder when 1490 is divided by g?
5
Suppose -46*a + 8940 = -43*a - 2*r, -5*r = 4*a - 11943. What is the remainder when a is divided by 83?
77
Suppose 0 = -2*w - 3*w + 170. Let x(v) = 10*v**2 - 13*v + 11. Let j(r) = -r**2 - 1. Let p(t) = 5*j(t) + x(t). What is the remainder when p(5) is divided by w?
32
Let h = 161 + -135. Suppose 3*z - 3*w - 220 + 1 = 0, -w = -2. What is the remainder when z is divided by h?
23
Suppose 53*d - 57*d + 430 = 2*o, 0 = 5*d + o - 542. Calculate the remainder when 421 is divided by d.
94
Suppose 62*t + 16 = 66*t, 0 = 5*k - 5*t - 2870. Let r = 736 - k. What is the remainder when r is divided by 53?
52
Calculate the remainder when (-2 - -1563) + (20 + -32 - -4*2) is divided by 11.
6
Let i(r) = 8*r - 29. Suppose 0 = 5*b + 3*f - 20, -5*b - f + 15 = -15. What is the remainder when 41 is divided by i(b)?
14
Let j(d) = 36*d + 108. Let z be j(-3). Suppose 7*p - 2 - 47 = z. What is the remainder when 8 is divided by p?
1
Suppose 5*x - 4021 = 3*j, -49*j - 2424 = -3*x - 51*j. Calculate the remainder w